{"id":44,"date":"2025-04-12T13:38:34","date_gmt":"2025-04-12T13:38:34","guid":{"rendered":"https:\/\/seccionalmallinbertrand.cl\/?page_id=44"},"modified":"2025-10-07T13:55:49","modified_gmt":"2025-10-07T13:55:49","slug":"evaluacion-ambiental-eae","status":"publish","type":"page","link":"https:\/\/seccionalmallinbertrand.cl\/?page_id=44","title":{"rendered":"Evaluaci\u00f3n Ambiental (EAE)"},"content":{"rendered":"\n<p>La Evaluaci\u00f3n Ambiental Estrat\u00e9gica (EAE) es un instrumento de gesti\u00f3n ambiental clave en Chile, que busca <strong>incorporar consideraciones ambientales y de desarrollo sustentable en la formulaci\u00f3n de pol\u00edticas, planes e instrumentos de ordenamiento territorial<\/strong>, como los Planes Reguladores y Planes Seccionales. Su marco legal se establece en la Ley N\u00b0 19.300, sobre Bases Generales del Medio Ambiente, la cual fue modificada para incluir la obligatoriedad de la EAE en ciertos casos.<\/p>\n\n\n\n<p>El procedimiento para la aplicaci\u00f3n de la EAE se regula detalladamente en el Decreto Supremo N\u00b0 32 de 2015 del Ministerio del Medio Ambiente. Este reglamento define el objetivo de la EAE como <strong>la integraci\u00f3n anticipada de la sustentabilidad en los procesos de planificaci\u00f3n y ordenamiento territorial, estableciendo condiciones habilitantes para futuras propuestas y facilitando la identificaci\u00f3n de opciones de desarrollo m\u00e1s coherentes con los objetivos ambientales y de planificaci\u00f3n<\/strong>.En el contexto de la elaboraci\u00f3n de Planes Seccionales, la EAE es fundamental para asegurar que estos instrumentos consideren los impactos ambientales desde sus etapas iniciales, promoviendo un an\u00e1lisis hol\u00edstico y de largo plazo. Esto implica la participaci\u00f3n de actores clave y la consideraci\u00f3n de criterios de desarrollo sustentable (sociales, econ\u00f3micos y ambientales) para guiar las decisiones y establecer directrices que propicien un desarrollo territorial m\u00e1s equilibrado y respetuoso con el medio ambiente.<\/p>\n\n\n\n<p>En esta p\u00e1gina podr\u00e1s encontrar documentaci\u00f3n referida al proceso de EAE, la cual es complementada en la p\u00e1gina de Documentaci\u00f3n. <\/p>\n\n\n\n<h3 class=\"wp-block-heading\">1. Etapa de Diagn\u00f3stico<\/h3>\n\n\n\n<p>1.1. Extracto Oficion de Inicio Evaluaci\u00f3n Ambiental Estrat\u00e9gica (EAE) en Diario Oficial<\/p>\n\n\n<a href=\"https:\/\/seccionalmallinbertrand.cl\/wp-content\/uploads\/2025\/10\/CVE-2591467-1.pdf\" class=\"pdfemb-viewer\" style=\"\" data-width=\"max\" data-height=\"max\" data-toolbar=\"bottom\" data-toolbar-fixed=\"on\">CVE-2591467-1<\/a>\n\n\n<p>1.2. Publicaci\u00f3n del Extracto de Oficio de Incio en Diario El Divisadero <\/p>\n\n\n<a href=\"https:\/\/seccionalmallinbertrand.cl\/wp-content\/uploads\/2025\/10\/PAGINA-6-EXTRACTO-EAE-MUN.-CHILE-CHICO-08.01.2025-1.pdf\" class=\"pdfemb-viewer\" style=\"\" data-width=\"max\" data-height=\"max\" data-toolbar=\"bottom\" data-toolbar-fixed=\"on\">PAGINA-6-EXTRACTO-EAE-MUN.-CHILE-CHICO-08.01.2025-1<\/a>\n\n\n<p>1.3. Diagn\u00f3stico Ambiental Estrat\u00e9gico<\/p>\n\n\n<a href=\"https:\/\/seccionalmallinbertrand.cl\/wp-content\/uploads\/2025\/10\/2412_Diagnostico_EAE.pdf\" class=\"pdfemb-viewer\" style=\"\" data-width=\"max\" data-height=\"max\" data-toolbar=\"bottom\" data-toolbar-fixed=\"on\">2412_Diagnostico_EAE<\/a>\n\n\n<hr class=\"wp-block-separator has-alpha-channel-opacity is-style-wide\"\/>\n\n\n\n<h3 class=\"wp-block-heading\">2. Formulaci\u00f3n y Consulta P\u00fablica de la Imagen Objetivo (Etapa en Desarrollo)<\/h3>\n\n\n<a href=\"https:\/\/seccionalmallinbertrand.cl\/wp-content\/uploads\/2025\/08\/2506_Evaluacion_Ambiental_Alternativas_PSMGPB.pdf\" class=\"pdfemb-viewer\" style=\"\" data-width=\"max\" data-height=\"max\" data-toolbar=\"bottom\" data-toolbar-fixed=\"on\">2506_Evaluacion_Ambiental_Alternativas_PSMGPB<\/a>\n\n\n<hr class=\"wp-block-separator has-alpha-channel-opacity is-style-wide\"\/>\n\n\n\n<p><\/p>\n","protected":false},"excerpt":{"rendered":"<p>La Evaluaci\u00f3n Ambiental Estrat\u00e9gica (EAE) es un instrumento de gesti\u00f3n ambiental clave en Chile, que busca incorporar consideraciones ambientales y de desarrollo sustentable en la formulaci\u00f3n de pol\u00edticas, planes e instrumentos de ordenamiento territorial, como los Planes Reguladores y Planes<\/p>\n","protected":false},"author":1,"featured_media":0,"parent":0,"menu_order":0,"comment_status":"closed","ping_status":"closed","template":"","meta":{"footnotes":""},"class_list":["post-44","page","type-page","status-publish","hentry"],"_links":{"self":[{"href":"https:\/\/seccionalmallinbertrand.cl\/index.php?rest_route=\/wp\/v2\/pages\/44","targetHints":{"allow":["GET"]}}],"collection":[{"href":"https:\/\/seccionalmallinbertrand.cl\/index.php?rest_route=\/wp\/v2\/pages"}],"about":[{"href":"https:\/\/seccionalmallinbertrand.cl\/index.php?rest_route=\/wp\/v2\/types\/page"}],"author":[{"embeddable":true,"href":"https:\/\/seccionalmallinbertrand.cl\/index.php?rest_route=\/wp\/v2\/users\/1"}],"replies":[{"embeddable":true,"href":"https:\/\/seccionalmallinbertrand.cl\/index.php?rest_route=%2Fwp%2Fv2%2Fcomments&post=44"}],"version-history":[{"count":5,"href":"https:\/\/seccionalmallinbertrand.cl\/index.php?rest_route=\/wp\/v2\/pages\/44\/revisions"}],"predecessor-version":[{"id":176,"href":"https:\/\/seccionalmallinbertrand.cl\/index.php?rest_route=\/wp\/v2\/pages\/44\/revisions\/176"}],"wp:attachment":[{"href":"https:\/\/seccionalmallinbertrand.cl\/index.php?rest_route=%2Fwp%2Fv2%2Fmedia&parent=44"}],"curies":[{"name":"wp","href":"https:\/\/api.w.org\/{rel}","templated":true}]}}